{"id":3698,"date":"2025-08-19T10:31:32","date_gmt":"2025-08-19T08:31:32","guid":{"rendered":"https:\/\/it.freelancer.waw.pl\/?post_type=tribe_events&#038;p=3698"},"modified":"2025-08-19T10:31:32","modified_gmt":"2025-08-19T08:31:32","slug":"uniwersytet-bielsko-bialski-kino-plenerowe-z-pokazem-filmu-gry-wojenne","status":"publish","type":"tribe_events","link":"https:\/\/itwgorach.pl\/index.php\/wydarzenie\/uniwersytet-bielsko-bialski-kino-plenerowe-z-pokazem-filmu-gry-wojenne\/","title":{"rendered":"Uniwersytet Bielsko-Bialski \u2013 kino plenerowe z pokazem filmu \u201eGry Wojenne\u201d"},"content":{"rendered":"<p>W ramach tegorocznego BBDays4IT zapraszamy na wyj\u0105tkowe wydarzenie wsp\u00f3\u0142organizowane przez firm\u0119 Next! oraz Uniwersytet Bielsko-Bialski &#8211; Kino objazdowe &#8222;2 bajty&#8221;.<\/p>\n<p>W pi\u0105tkowy wiecz\u00f3r na terenie uczelni zasi\u0105dziemy wsp\u00f3lnie przed ekranem, by obejrze\u0107 kultowy film &#8222;Gry wojenne&#8221; \ud83d\udcbb\ud83c\udfae &#8211; opowie\u015b\u0107, kt\u00f3ra mimo up\u0142ywu lat wci\u0105\u017c inspiruje i zaskakuje \u015bwiat IT.<\/p>\n<p>Nie zabraknie kinowej atmosfery &#8211; b\u0119d\u0105 popcorn, napoje i dobra energia!<\/p>\n<p>Czym s\u0105 &#8222;2 bajty&#8221;? To nie tylko nawi\u0105zanie do cyfrowych reali\u00f3w &#8211; to tak\u017ce symbol wsp\u00f3\u0142pracy mi\u0119dzy \u015bwiatem nauki a bran\u017c\u0105 technologiczn\u0105 \ud83e\udd1d\ud83c\udf93\ud83d\udcbc<\/p>\n<p>To w\u0142a\u015bnie tu, w Bielsku-Bia\u0142ej &#8211; gdzie po\u0142\u0105czono dwa miasta \ud83c\udfd9\ufe0f &#8211; spotykaj\u0105 si\u0119 dwa \u015bwiaty: biznes i edukacja, by wsp\u00f3lnie kszta\u0142towa\u0107 przysz\u0142o\u015b\u0107 IT \ud83d\ude80<\/p>\n<p>Zapraszamy wszystkich &#8211; student\u00f3w, specjalist\u00f3w, pasjonat\u00f3w i ka\u017cdego, kto lubi dobre kino z informatycznym twistem! \ud83c\udf7f\ud83d\udcbb\ud83c\udf9e\ufe0f<\/p>\n<p>Zapisy: <a href=\"https:\/\/app.evenea.pl\/event\/kino2bajty\/\">https:\/\/app.evenea.pl\/event\/kino2bajty\/<\/a><\/p>\n<p>Grafika: kino 2 bajty<\/p>\n\n    <div class=\"xs_social_share_widget xs_share_url after_content \t\tmain_content  wslu-style-1 wslu-share-box-shaped wslu-fill-colored wslu-none wslu-share-horizontal wslu-theme-font-no wslu-main_content\">\n\n\t\t\n        <ul>\n\t\t\t        <\/ul>\n    <\/div> \n","protected":false},"excerpt":{"rendered":"<p>W ramach tegorocznego BBDays4IT zapraszamy na wyj\u0105tkowe wydarzenie wsp\u00f3\u0142organizowane przez firm\u0119 Next! oraz Uniwersytet Bielsko-Bialski &#8211; Kino objazdowe &#8222;2 bajty&#8221;. W pi\u0105tkowy wiecz\u00f3r na terenie uczelni zasi\u0105dziemy wsp\u00f3lnie przed ekranem, by obejrze\u0107 kultowy film &#8222;Gry wojenne&#8221; \ud83d\udcbb\ud83c\udfae &#8211; opowie\u015b\u0107, kt\u00f3ra mimo up\u0142ywu lat wci\u0105\u017c inspiruje i zaskakuje \u015bwiat IT. Nie<\/p>\n","protected":false},"author":1,"featured_media":3700,"template":"","meta":{"inline_featured_image":false,"_price":"","_stock":"","_tribe_ticket_header":"","_tribe_default_ticket_provider":"","_tribe_ticket_capacity":"0","_ticket_start_date":"","_ticket_end_date":"","_tribe_ticket_show_description":"","_tribe_ticket_show_not_going":false,"_tribe_ticket_use_global_stock":"","_tribe_ticket_global_stock_level":"","_global_stock_mode":"","_global_stock_cap":"","_tribe_rsvp_for_event":"","_tribe_ticket_going_count":"","_tribe_ticket_not_going_count":"","_tribe_tickets_list":"[]","_tribe_ticket_has_attendee_info_fields":false,"_tribe_events_status":"","_tribe_events_status_reason":"","footnotes":"","_tec_slr_enabled":"","_tec_slr_layout":""},"tags":[],"tribe_events_cat":[34],"class_list":["post-3698","tribe_events","type-tribe_events","status-publish","has-post-thumbnail","hentry","tribe_events_cat-kino-plenerowe","cat_kino-plenerowe"],"ticketed":false,"_links":{"self":[{"href":"https:\/\/itwgorach.pl\/index.php\/wp-json\/wp\/v2\/tribe_events\/3698","targetHints":{"allow":["GET"]}}],"collection":[{"href":"https:\/\/itwgorach.pl\/index.php\/wp-json\/wp\/v2\/tribe_events"}],"about":[{"href":"https:\/\/itwgorach.pl\/index.php\/wp-json\/wp\/v2\/types\/tribe_events"}],"author":[{"embeddable":true,"href":"https:\/\/itwgorach.pl\/index.php\/wp-json\/wp\/v2\/users\/1"}],"version-history":[{"count":1,"href":"https:\/\/itwgorach.pl\/index.php\/wp-json\/wp\/v2\/tribe_events\/3698\/revisions"}],"predecessor-version":[{"id":3701,"href":"https:\/\/itwgorach.pl\/index.php\/wp-json\/wp\/v2\/tribe_events\/3698\/revisions\/3701"}],"wp:featuredmedia":[{"embeddable":true,"href":"https:\/\/itwgorach.pl\/index.php\/wp-json\/wp\/v2\/media\/3700"}],"wp:attachment":[{"href":"https:\/\/itwgorach.pl\/index.php\/wp-json\/wp\/v2\/media?parent=3698"}],"wp:term":[{"taxonomy":"post_tag","embeddable":true,"href":"https:\/\/itwgorach.pl\/index.php\/wp-json\/wp\/v2\/tags?post=3698"},{"taxonomy":"tribe_events_cat","embeddable":true,"href":"https:\/\/itwgorach.pl\/index.php\/wp-json\/wp\/v2\/tribe_events_cat?post=3698"}],"curies":[{"name":"wp","href":"https:\/\/api.w.org\/{rel}","templated":true}]}}

<p>W ramach tegorocznego BBDays4IT zapraszamy na wyjątkowe wydarzenie współorganizowane przez firmę Next! oraz Uniwersytet Bielsko-Bialski &#8211; Kino objazdowe &#8222;2 bajty&#8221;.</p>
<p>W piątkowy wieczór na terenie uczelni zasiądziemy wspólnie przed ekranem, by obejrzeć kultowy film &#8222;Gry wojenne&#8221; 💻🎮 &#8211; opowieść, która mimo upływu lat wciąż inspiruje i zaskakuje świat IT.</p>
<p>Nie zabraknie kinowej atmosfery &#8211; będą popcorn, napoje i dobra energia!</p>
<p>Czym są &#8222;2 bajty&#8221;? To nie tylko nawiązanie do cyfrowych realiów &#8211; to także symbol współpracy między światem nauki a branżą technologiczną 🤝🎓💼</p>
<p>To właśnie tu, w Bielsku-Białej &#8211; gdzie połączono dwa miasta 🏙️ &#8211; spotykają się dwa światy: biznes i edukacja, by wspólnie kształtować przyszłość IT 🚀</p>
<p>Zapraszamy wszystkich &#8211; studentów, specjalistów, pasjonatów i każdego, kto lubi dobre kino z informatycznym twistem! 🍿💻🎞️</p>
<p>Zapisy: <a href="https://app.evenea.pl/event/kino2bajty/">https://app.evenea.pl/event/kino2bajty/</a></p>
<p>Grafika: kino 2 bajty</p>

    <div class="xs_social_share_widget xs_share_url after_content 		main_content  wslu-style-1 wslu-share-box-shaped wslu-fill-colored wslu-none wslu-share-horizontal wslu-theme-font-no wslu-main_content">

		
        <ul>
			        </ul>
    </div>

<p>W ramach tegorocznego BBDays4IT zapraszamy na wyjątkowe wydarzenie współorganizowane przez firmę Next! oraz Uniwersytet Bielsko-Bialski &#8211; Kino objazdowe &#8222;2 bajty&#8221;. W piątkowy wieczór na terenie uczelni zasiądziemy wspólnie przed ekranem, by obejrzeć kultowy film &#8222;Gry wojenne&#8221; 💻🎮 &#8211; opowieść, która mimo upływu lat wciąż inspiruje i zaskakuje świat IT. Nie</p>
