{"id":3752,"date":"2025-08-19T12:57:50","date_gmt":"2025-08-19T10:57:50","guid":{"rendered":"https:\/\/it.freelancer.waw.pl\/?post_type=tribe_events&#038;p=3752"},"modified":"2025-08-19T13:01:48","modified_gmt":"2025-08-19T11:01:48","slug":"enduro-trails-j4zd4-z-rozmachem-szkolenie-rowerowe-dla-dzieci","status":"publish","type":"tribe_events","link":"https:\/\/itwgorach.pl\/index.php\/wydarzenie\/enduro-trails-j4zd4-z-rozmachem-szkolenie-rowerowe-dla-dzieci\/","title":{"rendered":"Enduro Trails- J4zd4 z rozMACHem \u2013 szkolenie rowerowe dla dzieci"},"content":{"rendered":"<p><img fetchpriority=\"high\" decoding=\"async\" class=\"alignnone size-medium wp-image-3758\" src=\"https:\/\/itwgorach.pl\/wp-content\/uploads\/2025\/08\/logo-2-300x300.jpg\" alt=\"\" width=\"300\" height=\"300\" srcset=\"https:\/\/itwgorach.pl\/wp-content\/uploads\/2025\/08\/logo-2-300x300.jpg 300w, https:\/\/itwgorach.pl\/wp-content\/uploads\/2025\/08\/logo-2-1024x1024.jpg 1024w, https:\/\/itwgorach.pl\/wp-content\/uploads\/2025\/08\/logo-2-150x150.jpg 150w, https:\/\/itwgorach.pl\/wp-content\/uploads\/2025\/08\/logo-2-768x768.jpg 768w, https:\/\/itwgorach.pl\/wp-content\/uploads\/2025\/08\/logo-2-370x370.jpg 370w, https:\/\/itwgorach.pl\/wp-content\/uploads\/2025\/08\/logo-2-60x60.jpg 60w, https:\/\/itwgorach.pl\/wp-content\/uploads\/2025\/08\/logo-2-600x600.jpg 600w, https:\/\/itwgorach.pl\/wp-content\/uploads\/2025\/08\/logo-2-100x100.jpg 100w, https:\/\/itwgorach.pl\/wp-content\/uploads\/2025\/08\/logo-2.jpg 1080w\" sizes=\"(max-width: 300px) 100vw, 300px\" \/><\/p>\n<p>W zesz\u0142ym roku j4zd4 z rozMACHem mia\u0142a sw\u00f3j debiut w\u015br\u00f3d doros\u0142ych. Podczas tej wyj\u0105tkowej, drugiej edycji szkolenia dzieci w wieku 5-11 lat wskocz\u0105 na rowery, by wzi\u0105\u0107 udzia\u0142 w bezpiecznej i pe\u0142nej energii je\u017adzie pod okiem instruktor\u00f3w Enduro Trails. Ale to nie wszystko &#8211; m\u0142odzi rowerzy\u015bci poznaj\u0105 te\u017c podstawy pierwszej pomocy w wersji dostosowanej do ich wieku: bez stresu, za to z praktyczn\u0105 wiedz\u0105 i ciekawymi symulacjami.<\/p>\n<p>To wydarzenie \u0142\u0105czy aktywno\u015b\u0107 fizyczn\u0105 z edukacj\u0105, buduj\u0105c w dzieciach pewno\u015b\u0107 siebie, sprawczo\u015b\u0107 i \u015bwiadomo\u015b\u0107, \u017ce czasem wystarczy zatrzyma\u0107 si\u0119 i pom\u00f3c. Bo odwaga zaczyna si\u0119 ju\u017c na ma\u0142ym rowerze.<\/p>\n<p>Zapisy: <a href=\"https:\/\/docs.google.com\/forms\/d\/e\/1FAIpQLSehjLHiarRDVbS6jfT1fULaOhwPpItTtxD2Nj1F6fcpj6H8vw\/viewform\">https:\/\/docs.google.com\/forms\/d\/e\/1FAIpQLSehjLHiarRDVbS6jfT1fULaOhwPpItTtxD2Nj1F6fcpj6H8vw\/viewform<\/a><\/p>\n\n    <div class=\"xs_social_share_widget xs_share_url after_content \t\tmain_content  wslu-style-1 wslu-share-box-shaped wslu-fill-colored wslu-none wslu-share-horizontal wslu-theme-font-no wslu-main_content\">\n\n\t\t\n        <ul>\n\t\t\t        <\/ul>\n    <\/div> \n","protected":false},"excerpt":{"rendered":"<p>W zesz\u0142ym roku j4zd4 z rozMACHem mia\u0142a sw\u00f3j debiut w\u015br\u00f3d doros\u0142ych. Podczas tej wyj\u0105tkowej, drugiej edycji szkolenia dzieci w wieku 5-11 lat wskocz\u0105 na rowery, by wzi\u0105\u0107 udzia\u0142 w bezpiecznej i pe\u0142nej energii je\u017adzie pod okiem instruktor\u00f3w Enduro Trails. Ale to nie wszystko &#8211; m\u0142odzi rowerzy\u015bci poznaj\u0105 te\u017c podstawy pierwszej<\/p>\n","protected":false},"author":1,"featured_media":3754,"template":"","meta":{"inline_featured_image":false,"_price":"","_stock":"","_tribe_ticket_header":"","_tribe_default_ticket_provider":"","_tribe_ticket_capacity":"0","_ticket_start_date":"","_ticket_end_date":"","_tribe_ticket_show_description":"","_tribe_ticket_show_not_going":false,"_tribe_ticket_use_global_stock":"","_tribe_ticket_global_stock_level":"","_global_stock_mode":"","_global_stock_cap":"","_tribe_rsvp_for_event":"","_tribe_ticket_going_count":"","_tribe_ticket_not_going_count":"","_tribe_tickets_list":"[]","_tribe_ticket_has_attendee_info_fields":false,"_tribe_events_status":"","_tribe_events_status_reason":"","footnotes":"","_tec_slr_enabled":"","_tec_slr_layout":""},"tags":[],"tribe_events_cat":[38,37],"class_list":["post-3752","tribe_events","type-tribe_events","status-publish","has-post-thumbnail","hentry","tribe_events_cat-dzieci","tribe_events_cat-rowery","cat_dzieci","cat_rowery"],"ticketed":false,"_links":{"self":[{"href":"https:\/\/itwgorach.pl\/index.php\/wp-json\/wp\/v2\/tribe_events\/3752","targetHints":{"allow":["GET"]}}],"collection":[{"href":"https:\/\/itwgorach.pl\/index.php\/wp-json\/wp\/v2\/tribe_events"}],"about":[{"href":"https:\/\/itwgorach.pl\/index.php\/wp-json\/wp\/v2\/types\/tribe_events"}],"author":[{"embeddable":true,"href":"https:\/\/itwgorach.pl\/index.php\/wp-json\/wp\/v2\/users\/1"}],"version-history":[{"count":4,"href":"https:\/\/itwgorach.pl\/index.php\/wp-json\/wp\/v2\/tribe_events\/3752\/revisions"}],"predecessor-version":[{"id":3759,"href":"https:\/\/itwgorach.pl\/index.php\/wp-json\/wp\/v2\/tribe_events\/3752\/revisions\/3759"}],"wp:featuredmedia":[{"embeddable":true,"href":"https:\/\/itwgorach.pl\/index.php\/wp-json\/wp\/v2\/media\/3754"}],"wp:attachment":[{"href":"https:\/\/itwgorach.pl\/index.php\/wp-json\/wp\/v2\/media?parent=3752"}],"wp:term":[{"taxonomy":"post_tag","embeddable":true,"href":"https:\/\/itwgorach.pl\/index.php\/wp-json\/wp\/v2\/tags?post=3752"},{"taxonomy":"tribe_events_cat","embeddable":true,"href":"https:\/\/itwgorach.pl\/index.php\/wp-json\/wp\/v2\/tribe_events_cat?post=3752"}],"curies":[{"name":"wp","href":"https:\/\/api.w.org\/{rel}","templated":true}]}}

<p><img fetchpriority="high" decoding="async" class="alignnone size-medium wp-image-3758" src="https://itwgorach.pl/wp-content/uploads/2025/08/logo-2-300x300.jpg" alt="" width="300" height="300" srcset="https://itwgorach.pl/wp-content/uploads/2025/08/logo-2-300x300.jpg 300w, https://itwgorach.pl/wp-content/uploads/2025/08/logo-2-1024x1024.jpg 1024w, https://itwgorach.pl/wp-content/uploads/2025/08/logo-2-150x150.jpg 150w, https://itwgorach.pl/wp-content/uploads/2025/08/logo-2-768x768.jpg 768w, https://itwgorach.pl/wp-content/uploads/2025/08/logo-2-370x370.jpg 370w, https://itwgorach.pl/wp-content/uploads/2025/08/logo-2-60x60.jpg 60w, https://itwgorach.pl/wp-content/uploads/2025/08/logo-2-600x600.jpg 600w, https://itwgorach.pl/wp-content/uploads/2025/08/logo-2-100x100.jpg 100w, https://itwgorach.pl/wp-content/uploads/2025/08/logo-2.jpg 1080w" sizes="(max-width: 300px) 100vw, 300px" /></p>
<p>W zeszłym roku j4zd4 z rozMACHem miała swój debiut wśród dorosłych. Podczas tej wyjątkowej, drugiej edycji szkolenia dzieci w wieku 5-11 lat wskoczą na rowery, by wziąć udział w bezpiecznej i pełnej energii jeździe pod okiem instruktorów Enduro Trails. Ale to nie wszystko &#8211; młodzi rowerzyści poznają też podstawy pierwszej pomocy w wersji dostosowanej do ich wieku: bez stresu, za to z praktyczną wiedzą i ciekawymi symulacjami.</p>
<p>To wydarzenie łączy aktywność fizyczną z edukacją, budując w dzieciach pewność siebie, sprawczość i świadomość, że czasem wystarczy zatrzymać się i pomóc. Bo odwaga zaczyna się już na małym rowerze.</p>
<p>Zapisy: <a href="https://docs.google.com/forms/d/e/1FAIpQLSehjLHiarRDVbS6jfT1fULaOhwPpItTtxD2Nj1F6fcpj6H8vw/viewform">https://docs.google.com/forms/d/e/1FAIpQLSehjLHiarRDVbS6jfT1fULaOhwPpItTtxD2Nj1F6fcpj6H8vw/viewform</a></p>

    <div class="xs_social_share_widget xs_share_url after_content 		main_content  wslu-style-1 wslu-share-box-shaped wslu-fill-colored wslu-none wslu-share-horizontal wslu-theme-font-no wslu-main_content">

		
        <ul>
			        </ul>
    </div>

<p>W zeszłym roku j4zd4 z rozMACHem miała swój debiut wśród dorosłych. Podczas tej wyjątkowej, drugiej edycji szkolenia dzieci w wieku 5-11 lat wskoczą na rowery, by wziąć udział w bezpiecznej i pełnej energii jeździe pod okiem instruktorów Enduro Trails. Ale to nie wszystko &#8211; młodzi rowerzyści poznają też podstawy pierwszej</p>
