{"id":3760,"date":"2025-08-19T13:07:29","date_gmt":"2025-08-19T11:07:29","guid":{"rendered":"https:\/\/it.freelancer.waw.pl\/?post_type=tribe_events&#038;p=3760"},"modified":"2025-08-19T13:07:39","modified_gmt":"2025-08-19T11:07:39","slug":"kino-kreska-event-herstory-in-it-beyond","status":"publish","type":"tribe_events","link":"https:\/\/itwgorach.pl\/index.php\/wydarzenie\/kino-kreska-event-herstory-in-it-beyond\/","title":{"rendered":"Kino Kreska \u2013 event HerStory in IT &#038; BEYOND\u2026"},"content":{"rendered":"<p>Podczas tegorocznej edycji festiwalu BBDays4.IT inicjatywa HerStory in IT b\u0119dzie obchodzi\u0107 swoj\u0105 pierwsz\u0105 rocznic\u0119, dlatego przygotowujemy dla Was co\u015b specjalnego!<\/p>\n<p>Wydarzenia HerStory in IT maj\u0105 przede wszystkim pokazywa\u0107 kobiec\u0105 perspektyw\u0119 sektora IT, ale te\u017c inspirowa\u0107 i integrowa\u0107 lokaln\u0105 spo\u0142eczno\u015b\u0107 \ud83e\udd1d<\/p>\n<p>Podczas wrze\u015bniowego wydarzenia, poza tradycyjnymi, bran\u017cowymi herstories, tym razem tak\u017ce gar\u015b\u0107 inspiracji ze \u015bwiata pozatechnologicznego.<\/p>\n<p>B\u0119dzie o podr\u00f3\u017cach, wellbeingu, karierze w automatyzacji, tworzeniu startup\u00f3w i pracy nad globalnymi projektami<\/p>\n<p>Zapisy: <a href=\"https:\/\/app.evenea.pl\/event\/herstoryinitandbeyond\/\">https:\/\/app.evenea.pl\/event\/herstoryinitandbeyond\/<\/a><\/p>\n\n    <div class=\"xs_social_share_widget xs_share_url after_content \t\tmain_content  wslu-style-1 wslu-share-box-shaped wslu-fill-colored wslu-none wslu-share-horizontal wslu-theme-font-no wslu-main_content\">\n\n\t\t\n        <ul>\n\t\t\t        <\/ul>\n    <\/div> \n","protected":false},"excerpt":{"rendered":"<p>Podczas tegorocznej edycji festiwalu BBDays4.IT inicjatywa HerStory in IT b\u0119dzie obchodzi\u0107 swoj\u0105 pierwsz\u0105 rocznic\u0119, dlatego przygotowujemy dla Was co\u015b specjalnego! Wydarzenia HerStory in IT maj\u0105 przede wszystkim pokazywa\u0107 kobiec\u0105 perspektyw\u0119 sektora IT, ale te\u017c inspirowa\u0107 i integrowa\u0107 lokaln\u0105 spo\u0142eczno\u015b\u0107 \ud83e\udd1d Podczas wrze\u015bniowego wydarzenia, poza tradycyjnymi, bran\u017cowymi herstories, tym razem tak\u017ce<\/p>\n","protected":false},"author":1,"featured_media":3763,"template":"","meta":{"inline_featured_image":false,"_price":"","_stock":"","_tribe_ticket_header":"","_tribe_default_ticket_provider":"","_tribe_ticket_capacity":"0","_ticket_start_date":"","_ticket_end_date":"","_tribe_ticket_show_description":"","_tribe_ticket_show_not_going":false,"_tribe_ticket_use_global_stock":"","_tribe_ticket_global_stock_level":"","_global_stock_mode":"","_global_stock_cap":"","_tribe_rsvp_for_event":"","_tribe_ticket_going_count":"","_tribe_ticket_not_going_count":"","_tribe_tickets_list":"[]","_tribe_ticket_has_attendee_info_fields":false,"_tribe_events_status":"","_tribe_events_status_reason":"","footnotes":"","_tec_slr_enabled":"","_tec_slr_layout":""},"tags":[],"tribe_events_cat":[40,39],"class_list":["post-3760","tribe_events","type-tribe_events","status-publish","has-post-thumbnail","hentry","tribe_events_cat-it","tribe_events_cat-kobiety","cat_it","cat_kobiety"],"ticketed":false,"_links":{"self":[{"href":"https:\/\/itwgorach.pl\/index.php\/wp-json\/wp\/v2\/tribe_events\/3760","targetHints":{"allow":["GET"]}}],"collection":[{"href":"https:\/\/itwgorach.pl\/index.php\/wp-json\/wp\/v2\/tribe_events"}],"about":[{"href":"https:\/\/itwgorach.pl\/index.php\/wp-json\/wp\/v2\/types\/tribe_events"}],"author":[{"embeddable":true,"href":"https:\/\/itwgorach.pl\/index.php\/wp-json\/wp\/v2\/users\/1"}],"version-history":[{"count":1,"href":"https:\/\/itwgorach.pl\/index.php\/wp-json\/wp\/v2\/tribe_events\/3760\/revisions"}],"predecessor-version":[{"id":3764,"href":"https:\/\/itwgorach.pl\/index.php\/wp-json\/wp\/v2\/tribe_events\/3760\/revisions\/3764"}],"wp:featuredmedia":[{"embeddable":true,"href":"https:\/\/itwgorach.pl\/index.php\/wp-json\/wp\/v2\/media\/3763"}],"wp:attachment":[{"href":"https:\/\/itwgorach.pl\/index.php\/wp-json\/wp\/v2\/media?parent=3760"}],"wp:term":[{"taxonomy":"post_tag","embeddable":true,"href":"https:\/\/itwgorach.pl\/index.php\/wp-json\/wp\/v2\/tags?post=3760"},{"taxonomy":"tribe_events_cat","embeddable":true,"href":"https:\/\/itwgorach.pl\/index.php\/wp-json\/wp\/v2\/tribe_events_cat?post=3760"}],"curies":[{"name":"wp","href":"https:\/\/api.w.org\/{rel}","templated":true}]}}

<p>Podczas tegorocznej edycji festiwalu BBDays4.IT inicjatywa HerStory in IT będzie obchodzić swoją pierwszą rocznicę, dlatego przygotowujemy dla Was coś specjalnego!</p>
<p>Wydarzenia HerStory in IT mają przede wszystkim pokazywać kobiecą perspektywę sektora IT, ale też inspirować i integrować lokalną społeczność 🤝</p>
<p>Podczas wrześniowego wydarzenia, poza tradycyjnymi, branżowymi herstories, tym razem także garść inspiracji ze świata pozatechnologicznego.</p>
<p>Będzie o podróżach, wellbeingu, karierze w automatyzacji, tworzeniu startupów i pracy nad globalnymi projektami</p>
<p>Zapisy: <a href="https://app.evenea.pl/event/herstoryinitandbeyond/">https://app.evenea.pl/event/herstoryinitandbeyond/</a></p>

    <div class="xs_social_share_widget xs_share_url after_content 		main_content  wslu-style-1 wslu-share-box-shaped wslu-fill-colored wslu-none wslu-share-horizontal wslu-theme-font-no wslu-main_content">

		
        <ul>
			        </ul>
    </div>

<p>Podczas tegorocznej edycji festiwalu BBDays4.IT inicjatywa HerStory in IT będzie obchodzić swoją pierwszą rocznicę, dlatego przygotowujemy dla Was coś specjalnego! Wydarzenia HerStory in IT mają przede wszystkim pokazywać kobiecą perspektywę sektora IT, ale też inspirować i integrować lokalną społeczność 🤝 Podczas wrześniowego wydarzenia, poza tradycyjnymi, branżowymi herstories, tym razem także</p>
